{"id":9093,"date":"2023-10-23T20:53:23","date_gmt":"2023-10-23T23:53:23","guid":{"rendered":"https:\/\/uopdigital.com\/vitta\/?post_type=product&#038;p=9093"},"modified":"2025-09-17T11:04:36","modified_gmt":"2025-09-17T14:04:36","slug":"maltodextrina-1kg-newnutrition","status":"publish","type":"product","link":"https:\/\/unavittarp.com.br\/?product=maltodextrina-1kg-newnutrition","title":{"rendered":"Maltodextrina 1Kg NewNutrition"},"content":{"rendered":"<p>Maltodextrina NewNutrition<\/p>\n<p>\u00c9 um cabroidrato complexo de alta qualidade, de rapida e m\u00e9dia absor\u00e7\u00e3o que e indicada para pessoas que praticam exercicio f\u00edsico intensos ou prolongados.A sua fun\u00e7\u00e3o \u00e9 aumentar o nivel energ\u00e9tico muscular,promovendo for\u00e7a, evitando o catabolismo e fadiga atrav\u00e9s da libera\u00e7\u00e3o gradual de glicose para o sangue.<\/p>\n<p>Modo de preparo: 40g em 250ml de agua ou sua bebida favorita.<\/p>\n","protected":false},"excerpt":{"rendered":"<p>Maltodextrina NewNutrition \u00c9 um cabroidrato complexo de alta qualidade, de rapida e m\u00e9dia absor\u00e7\u00e3o que e indicada para pessoas que praticam exercicio f\u00edsico intensos ou prolongados.A sua fun\u00e7\u00e3o \u00e9 aumentar o nivel energ\u00e9tico muscular,promovendo for\u00e7a, evitando o catabolismo e fadiga atrav\u00e9s da libera\u00e7\u00e3o gradual de glicose para o sangue. Modo de preparo: 40g em 250ml &hellip; <\/p>\n<p class=\"more-link-wrap\"><a href=\"https:\/\/unavittarp.com.br\/?product=maltodextrina-1kg-newnutrition\" class=\"more-link\"><i class=\"opal-icon-plus\" aria-hidden=\"true\"><\/i><span>Read More<span class=\"screen-reader-text\"> &#8220;Maltodextrina 1Kg NewNutrition&#8221;<\/span><\/span><\/a><\/p>\n","protected":false},"featured_media":9490,"template":"","meta":{"inline_featured_image":false,"_joinchat":[]},"product_cat":[97,91],"product_tag":[],"class_list":{"0":"post-9093","1":"product","2":"type-product","3":"status-publish","4":"has-post-thumbnail","6":"product_cat-newnutrition","7":"product_cat-nutricao-esportiva","9":"first","10":"outofstock","11":"shipping-taxable","12":"purchasable","13":"product-type-simple"},"_links":{"self":[{"href":"https:\/\/unavittarp.com.br\/index.php?rest_route=\/wp\/v2\/product\/9093","targetHints":{"allow":["GET"]}}],"collection":[{"href":"https:\/\/unavittarp.com.br\/index.php?rest_route=\/wp\/v2\/product"}],"about":[{"href":"https:\/\/unavittarp.com.br\/index.php?rest_route=\/wp\/v2\/types\/product"}],"wp:featuredmedia":[{"embeddable":true,"href":"https:\/\/unavittarp.com.br\/index.php?rest_route=\/wp\/v2\/media\/9490"}],"wp:attachment":[{"href":"https:\/\/unavittarp.com.br\/index.php?rest_route=%2Fwp%2Fv2%2Fmedia&parent=9093"}],"wp:term":[{"taxonomy":"product_cat","embeddable":true,"href":"https:\/\/unavittarp.com.br\/index.php?rest_route=%2Fwp%2Fv2%2Fproduct_cat&post=9093"},{"taxonomy":"product_tag","embeddable":true,"href":"https:\/\/unavittarp.com.br\/index.php?rest_route=%2Fwp%2Fv2%2Fproduct_tag&post=9093"}],"curies":[{"name":"wp","href":"https:\/\/api.w.org\/{rel}","templated":true}]}}