{"id":9083,"date":"2023-10-23T20:38:37","date_gmt":"2023-10-23T23:38:37","guid":{"rendered":"https:\/\/uopdigital.com\/vitta\/?post_type=product&#038;p=9083"},"modified":"2025-09-17T10:49:38","modified_gmt":"2025-09-17T13:49:38","slug":"pregomin-pepti-400g","status":"publish","type":"product","link":"https:\/\/unavittarp.com.br\/?product=pregomin-pepti-400g","title":{"rendered":"Pregomin Pepti 400g"},"content":{"rendered":"<p>Pregomin Pepti &#8211; 400g \u2013 Danone<\/p>\n<p>Para auxiliar no desenvolvimento saud\u00e1vel, alguns beb\u00eas podem precisar do apoio da f\u00f3rmula infantil. Este suplemento alimentar tenta se aproximar o m\u00e1ximo do leite materno, em rela\u00e7\u00e3o \u00e0 quantidade de gordura, prote\u00ednas, vitaminas e minerais.<\/p>\n<p>O Pregomin Pepti \u00e9 uma f\u00f3rmula Infantil em p\u00f3 hipoalerg\u00eanica, desenvolvida para lactentes e crian\u00e7as de primeira inf\u00e2ncia de 0 a 36 meses que apresentam necessidades dietoter\u00e1picas espec\u00edficas.<\/p>\n<p>Essa f\u00f3rmula infantil de seguimento \u00e9 semielementar, ou seja, isento de lactose e com prote\u00edna extensamente hidrolisada. Com DHA e ARA e Nucleot\u00eddeos.<\/p>\n<p>O Pregomin Pepti cont\u00e9m DHA, ARA e nucleot\u00eddeos. Al\u00e9m disso, seu perfil de macronutrientes consiste em:<br \/>\nCarboidratos: 41% &#8211; 100% xarope de glicose* (*fonte de maltodextrina).<br \/>\nProte\u00ednas: 11% &#8211; 100% prote\u00edna extensamente hidrolisada do soro do leite.<br \/>\nLip\u00eddeos: 48% &#8211; 50% TCM (Triglicer\u00eddeos de cadeia m\u00e9dia) e 50% \u00f3leos vegetais &#8211; colza, girassol.<\/p>\n<p>Aqui voc\u00ea tamb\u00e9m pode encontrar outras f\u00f3rmulas al\u00e9m do Pregomin Pepti 400g, na nossa linha completa de nutri\u00e7\u00e3o infantil.<\/p>\n<p>Indica\u00e7\u00e3o:\u00a0 lactentes e crian\u00e7as com alergia \u00e0 prote\u00edna do leite de vaca (ALV), dificuldade de absor\u00e7\u00e3o ou outras necessidades dietoter\u00e1picas espec\u00edficas que requerem f\u00f3rmula semielementar e hipoalerg\u00eanica.<\/p>\n<p>Observa\u00e7\u00f5es:<br \/>\nIsento de sacarose. N\u00e3o cont\u00e9m gl\u00faten.<br \/>\nUso somente sob orienta\u00e7\u00e3o m\u00e9dica ou de nutricionista.<br \/>\nAL\u00c9RGICOS: cont\u00e9m derivados de peixe e de leite (prote\u00edna extensamente hidrolisada do soro de leite).<\/p>\n<p>Importante: o uso deste produto em crian\u00e7as menores de 1 (um) ano deve ser indicado por orienta\u00e7\u00e3o de um m\u00e9dico e\/ou nutricionista. O aleitamento materno \u00e9 essencial para a sa\u00fade do beb\u00ea, evitando infec\u00e7\u00f5es e alergias, al\u00e9m de fortalecer o v\u00ednculo entre m\u00e3e e filho.<\/p>\n","protected":false},"excerpt":{"rendered":"<p>Pregomin Pepti &#8211; 400g \u2013 Danone Para auxiliar no desenvolvimento saud\u00e1vel, alguns beb\u00eas podem precisar do apoio da f\u00f3rmula infantil. Este suplemento alimentar tenta se aproximar o m\u00e1ximo do leite materno, em rela\u00e7\u00e3o \u00e0 quantidade de gordura, prote\u00ednas, vitaminas e minerais. O Pregomin Pepti \u00e9 uma f\u00f3rmula Infantil em p\u00f3 hipoalerg\u00eanica, desenvolvida para lactentes e &hellip; <\/p>\n<p class=\"more-link-wrap\"><a href=\"https:\/\/unavittarp.com.br\/?product=pregomin-pepti-400g\" class=\"more-link\"><i class=\"opal-icon-plus\" aria-hidden=\"true\"><\/i><span>Read More<span class=\"screen-reader-text\"> &#8220;Pregomin Pepti 400g&#8221;<\/span><\/span><\/a><\/p>\n","protected":false},"featured_media":9084,"template":"","meta":{"inline_featured_image":false,"_joinchat":[]},"product_cat":[96,92],"product_tag":[],"class_list":{"0":"post-9083","1":"product","2":"type-product","3":"status-publish","4":"has-post-thumbnail","6":"product_cat-danone","7":"product_cat-nutricao-infantil","9":"first","10":"onbackorder","11":"shipping-taxable","12":"purchasable","13":"product-type-simple"},"_links":{"self":[{"href":"https:\/\/unavittarp.com.br\/index.php?rest_route=\/wp\/v2\/product\/9083","targetHints":{"allow":["GET"]}}],"collection":[{"href":"https:\/\/unavittarp.com.br\/index.php?rest_route=\/wp\/v2\/product"}],"about":[{"href":"https:\/\/unavittarp.com.br\/index.php?rest_route=\/wp\/v2\/types\/product"}],"wp:featuredmedia":[{"embeddable":true,"href":"https:\/\/unavittarp.com.br\/index.php?rest_route=\/wp\/v2\/media\/9084"}],"wp:attachment":[{"href":"https:\/\/unavittarp.com.br\/index.php?rest_route=%2Fwp%2Fv2%2Fmedia&parent=9083"}],"wp:term":[{"taxonomy":"product_cat","embeddable":true,"href":"https:\/\/unavittarp.com.br\/index.php?rest_route=%2Fwp%2Fv2%2Fproduct_cat&post=9083"},{"taxonomy":"product_tag","embeddable":true,"href":"https:\/\/unavittarp.com.br\/index.php?rest_route=%2Fwp%2Fv2%2Fproduct_tag&post=9083"}],"curies":[{"name":"wp","href":"https:\/\/api.w.org\/{rel}","templated":true}]}}