{"id":9046,"date":"2023-10-23T20:17:47","date_gmt":"2023-10-23T23:17:47","guid":{"rendered":"https:\/\/uopdigital.com\/vitta\/?post_type=product&#038;p=9046"},"modified":"2024-08-12T16:15:08","modified_gmt":"2024-08-12T19:15:08","slug":"espessante-nutilis-danone-300g","status":"publish","type":"product","link":"https:\/\/unavittarp.com.br\/?product=espessante-nutilis-danone-300g","title":{"rendered":"Espessante Nutilis Danone 300g"},"content":{"rendered":"<p>Nutilis Danone Lata \u2013 300 g<\/p>\n<p>Esse \u00e9 um espessante alimentar instant\u00e2neo. Por ser feito \u00e0 base de amido de milho modificado, o Nutilis Danone pode ser utilizado para espessar prepara\u00e7\u00f5es quentes ou frias sem interferir no sabor.<\/p>\n<p>Al\u00e9m disso, Nutilis Danone cont\u00e9m gomas alimentares na sua f\u00f3rmula: goma guar, xantana e tara, que s\u00e3o resistentes \u00e0 a\u00e7\u00e3o da amilase, presente na saliva.\u00a0 Por isso, \u00e9 ideal para ser adicionado em l\u00edquidos ou pur\u00eas, conferindo aos alimentos a consist\u00eancia desejada de xarope, cremosa ou de pudim.<\/p>\n<p>A associa\u00e7\u00e3o do amido de milho modificado ao mix de gomas aliment\u00edcias, faz com que o Nutilis Danone seja um produto mais seguro, mantendo sua consist\u00eancia durante o consumo do alimento espessado e sem interfer\u00eancia no sabor.<\/p>\n<p>Aqui voc\u00ea tem as melhores condi\u00e7\u00f5es para comprar o Nutilis Danone Lata e pode completar seu pedido com outros produtos para nutri\u00e7\u00e3o.<\/p>\n<p>Indica\u00e7\u00e3o: Nutilis Danone \u00e9 um espessante indicado para pacientes com disfagia ou dificuldade de degluti\u00e7\u00e3o, apresentando engasgos ou risco de broncoaspira\u00e7\u00e3o. Pode ser adicionado a bebidas, suplementos, refei\u00e7\u00f5es trituradas, pur\u00eas ou sopas.<\/p>\n<p>Faixa et\u00e1ria: A partir dos 3 anos (n\u00e3o indicado para crian\u00e7as menores de 36 meses).<\/p>\n<p>Recomenda\u00e7\u00e3o: Adicione o espessante ao alimento com a colher medida e misture bem. \u00c9 importante deixar repousar por alguns minutos para que atinja a consist\u00eancia desejada.<\/p>\n<p>Observa\u00e7\u00e3o:<br \/>\nN\u00e3o cont\u00e9m gl\u00faten.<\/p>\n<p>Uso somente sob orienta\u00e7\u00e3o m\u00e9dica ou de nutricionista.<\/p>\n","protected":false},"excerpt":{"rendered":"<p>Nutilis Danone Lata \u2013 300 g Esse \u00e9 um espessante alimentar instant\u00e2neo. Por ser feito \u00e0 base de amido de milho modificado, o Nutilis Danone pode ser utilizado para espessar prepara\u00e7\u00f5es quentes ou frias sem interferir no sabor. Al\u00e9m disso, Nutilis Danone cont\u00e9m gomas alimentares na sua f\u00f3rmula: goma guar, xantana e tara, que s\u00e3o &hellip; <\/p>\n<p class=\"more-link-wrap\"><a href=\"https:\/\/unavittarp.com.br\/?product=espessante-nutilis-danone-300g\" class=\"more-link\"><i class=\"opal-icon-plus\" aria-hidden=\"true\"><\/i><span>Read More<span class=\"screen-reader-text\"> &#8220;Espessante Nutilis Danone 300g&#8221;<\/span><\/span><\/a><\/p>\n","protected":false},"featured_media":9047,"template":"","meta":{"inline_featured_image":false,"_joinchat":[]},"product_cat":[96,93],"product_tag":[],"class_list":{"0":"post-9046","1":"product","2":"type-product","3":"status-publish","4":"has-post-thumbnail","6":"product_cat-danone","7":"product_cat-suplementos-alimentares","9":"first","10":"instock","11":"sale","12":"shipping-taxable","13":"purchasable","14":"product-type-simple"},"_links":{"self":[{"href":"https:\/\/unavittarp.com.br\/index.php?rest_route=\/wp\/v2\/product\/9046","targetHints":{"allow":["GET"]}}],"collection":[{"href":"https:\/\/unavittarp.com.br\/index.php?rest_route=\/wp\/v2\/product"}],"about":[{"href":"https:\/\/unavittarp.com.br\/index.php?rest_route=\/wp\/v2\/types\/product"}],"wp:featuredmedia":[{"embeddable":true,"href":"https:\/\/unavittarp.com.br\/index.php?rest_route=\/wp\/v2\/media\/9047"}],"wp:attachment":[{"href":"https:\/\/unavittarp.com.br\/index.php?rest_route=%2Fwp%2Fv2%2Fmedia&parent=9046"}],"wp:term":[{"taxonomy":"product_cat","embeddable":true,"href":"https:\/\/unavittarp.com.br\/index.php?rest_route=%2Fwp%2Fv2%2Fproduct_cat&post=9046"},{"taxonomy":"product_tag","embeddable":true,"href":"https:\/\/unavittarp.com.br\/index.php?rest_route=%2Fwp%2Fv2%2Fproduct_tag&post=9046"}],"curies":[{"name":"wp","href":"https:\/\/api.w.org\/{rel}","templated":true}]}}