{"id":9001,"date":"2023-10-23T19:34:24","date_gmt":"2023-10-23T22:34:24","guid":{"rendered":"https:\/\/uopdigital.com\/vitta\/?post_type=product&#038;p=9001"},"modified":"2025-09-17T11:07:03","modified_gmt":"2025-09-17T14:07:03","slug":"trophic-basic-800g-prodiet","status":"publish","type":"product","link":"https:\/\/unavittarp.com.br\/?product=trophic-basic-800g-prodiet","title":{"rendered":"Trophic Basic 800g Prodiet"},"content":{"rendered":"<p>O ESSENCIAL PARA UMA NUTRI\u00c7\u00c3O SAUD\u00c1VEL E COMPLETA, NA VERS\u00c3O EM P\u00d3!<\/p>\n<p>Trophic Basic Enteral tem baixo teor de gordura saturada e um mix exclusivo de prote\u00ednas que ajudam a promover uma alimenta\u00e7\u00e3o completa e nutritiva. \u00c9 ideal para pacientes com dist\u00farbios alimentares, doen\u00e7as neurol\u00f3gicas ou em recupera\u00e7\u00e3o, que precisam restabelecer o estado nutricional. A vers\u00e3o em p\u00f3 \u00e9 vers\u00e1til e permite diferentes dilui\u00e7\u00f5es de 1,0 a 1,5 kcal\/ ml.<\/p>\n<p>&nbsp;<\/p>\n<p>INDICA\u00c7\u00c3O<\/p>\n<p>Risco nutricional ou situa\u00e7\u00f5es de nutri\u00e7\u00e3o enteral prolongada.<\/p>\n","protected":false},"excerpt":{"rendered":"<p>O ESSENCIAL PARA UMA NUTRI\u00c7\u00c3O SAUD\u00c1VEL E COMPLETA, NA VERS\u00c3O EM P\u00d3! Trophic Basic Enteral tem baixo teor de gordura saturada e um mix exclusivo de prote\u00ednas que ajudam a promover uma alimenta\u00e7\u00e3o completa e nutritiva. \u00c9 ideal para pacientes com dist\u00farbios alimentares, doen\u00e7as neurol\u00f3gicas ou em recupera\u00e7\u00e3o, que precisam restabelecer o estado nutricional. A &hellip; <\/p>\n<p class=\"more-link-wrap\"><a href=\"https:\/\/unavittarp.com.br\/?product=trophic-basic-800g-prodiet\" class=\"more-link\"><i class=\"opal-icon-plus\" aria-hidden=\"true\"><\/i><span>Read More<span class=\"screen-reader-text\"> &#8220;Trophic Basic 800g Prodiet&#8221;<\/span><\/span><\/a><\/p>\n","protected":false},"featured_media":9262,"template":"","meta":{"inline_featured_image":false,"_joinchat":[]},"product_cat":[100,93],"product_tag":[],"class_list":{"0":"post-9001","1":"product","2":"type-product","3":"status-publish","4":"has-post-thumbnail","6":"product_cat-prodiet","7":"product_cat-suplementos-alimentares","9":"first","10":"instock","11":"shipping-taxable","12":"purchasable","13":"product-type-simple"},"_links":{"self":[{"href":"https:\/\/unavittarp.com.br\/index.php?rest_route=\/wp\/v2\/product\/9001","targetHints":{"allow":["GET"]}}],"collection":[{"href":"https:\/\/unavittarp.com.br\/index.php?rest_route=\/wp\/v2\/product"}],"about":[{"href":"https:\/\/unavittarp.com.br\/index.php?rest_route=\/wp\/v2\/types\/product"}],"wp:featuredmedia":[{"embeddable":true,"href":"https:\/\/unavittarp.com.br\/index.php?rest_route=\/wp\/v2\/media\/9262"}],"wp:attachment":[{"href":"https:\/\/unavittarp.com.br\/index.php?rest_route=%2Fwp%2Fv2%2Fmedia&parent=9001"}],"wp:term":[{"taxonomy":"product_cat","embeddable":true,"href":"https:\/\/unavittarp.com.br\/index.php?rest_route=%2Fwp%2Fv2%2Fproduct_cat&post=9001"},{"taxonomy":"product_tag","embeddable":true,"href":"https:\/\/unavittarp.com.br\/index.php?rest_route=%2Fwp%2Fv2%2Fproduct_tag&post=9001"}],"curies":[{"name":"wp","href":"https:\/\/api.w.org\/{rel}","templated":true}]}}