{"id":8999,"date":"2023-10-23T19:32:33","date_gmt":"2023-10-23T22:32:33","guid":{"rendered":"https:\/\/uopdigital.com\/vitta\/?post_type=product&#038;p=8999"},"modified":"2025-02-10T13:05:04","modified_gmt":"2025-02-10T16:05:04","slug":"ensure-400g-abbott","status":"publish","type":"product","link":"https:\/\/unavittarp.com.br\/?product=ensure-400g-abbott","title":{"rendered":"Ensure 400g Abbott"},"content":{"rendered":"<p>Benef\u00edcios:<br \/>\nEnsure \u00e9 uma linha de suplementa\u00e7\u00e3o alimentar, completa e balanceada, para pessoas que buscam for\u00e7a para manter o seu ritmo. Ensure possui f\u00f3rmula clinicamente testada com prote\u00edna, c\u00e1lcio e +28 nutrientes para manter for\u00e7a e disposi\u00e7\u00e3o.1-19*<\/p>\n<p>17 g de prote\u00edna de alta qualidade.22-25**<\/p>\n<p>Baixo teor de gordura saturada adequado \u00e0 recomenda\u00e7\u00e3o da AHA.21<\/p>\n<p>C\u00e1lcio e vitamina D para auxiliar a manuten\u00e7\u00e3o dos ossos.12<\/p>\n<p>FIBRAS que auxiliam no bom funcionamento gastrointestinal.2<\/p>\n<p>O Ensure\u00ae P\u00f3 \u00e9 indicado para:<br \/>\nAdultos que se n\u00e3o se alimentam adequadamente.20<\/p>\n<p>Mais vitalidade para pessoas que buscam equil\u00edbrio na alimenta\u00e7\u00e3o do dia a dia.<\/p>\n","protected":false},"excerpt":{"rendered":"<p>Benef\u00edcios: Ensure \u00e9 uma linha de suplementa\u00e7\u00e3o alimentar, completa e balanceada, para pessoas que buscam for\u00e7a para manter o seu ritmo. Ensure possui f\u00f3rmula clinicamente testada com prote\u00edna, c\u00e1lcio e +28 nutrientes para manter for\u00e7a e disposi\u00e7\u00e3o.1-19* 17 g de prote\u00edna de alta qualidade.22-25** Baixo teor de gordura saturada adequado \u00e0 recomenda\u00e7\u00e3o da AHA.21 C\u00e1lcio &hellip; <\/p>\n<p class=\"more-link-wrap\"><a href=\"https:\/\/unavittarp.com.br\/?product=ensure-400g-abbott\" class=\"more-link\"><i class=\"opal-icon-plus\" aria-hidden=\"true\"><\/i><span>Read More<span class=\"screen-reader-text\"> &#8220;Ensure 400g Abbott&#8221;<\/span><\/span><\/a><\/p>\n","protected":false},"featured_media":9000,"template":"","meta":{"inline_featured_image":false,"_joinchat":[]},"product_cat":[101,93],"product_tag":[],"class_list":{"0":"post-8999","1":"product","2":"type-product","3":"status-publish","4":"has-post-thumbnail","6":"product_cat-abbott","7":"product_cat-suplementos-alimentares","9":"first","10":"outofstock","11":"shipping-taxable","12":"purchasable","13":"product-type-simple"},"_links":{"self":[{"href":"https:\/\/unavittarp.com.br\/index.php?rest_route=\/wp\/v2\/product\/8999","targetHints":{"allow":["GET"]}}],"collection":[{"href":"https:\/\/unavittarp.com.br\/index.php?rest_route=\/wp\/v2\/product"}],"about":[{"href":"https:\/\/unavittarp.com.br\/index.php?rest_route=\/wp\/v2\/types\/product"}],"wp:featuredmedia":[{"embeddable":true,"href":"https:\/\/unavittarp.com.br\/index.php?rest_route=\/wp\/v2\/media\/9000"}],"wp:attachment":[{"href":"https:\/\/unavittarp.com.br\/index.php?rest_route=%2Fwp%2Fv2%2Fmedia&parent=8999"}],"wp:term":[{"taxonomy":"product_cat","embeddable":true,"href":"https:\/\/unavittarp.com.br\/index.php?rest_route=%2Fwp%2Fv2%2Fproduct_cat&post=8999"},{"taxonomy":"product_tag","embeddable":true,"href":"https:\/\/unavittarp.com.br\/index.php?rest_route=%2Fwp%2Fv2%2Fproduct_tag&post=8999"}],"curies":[{"name":"wp","href":"https:\/\/api.w.org\/{rel}","templated":true}]}}